 - 193 - 60. What is the units digit of c?
3
Suppose 4*d - 4 = 0, 5*s - 2*d - 4 = 2*s. Let n = 28 - 14. Suppose 21 = 3*m - b, -s*m - 4*b + 0*b + n = 0. What is the units digit of m?
7
Let x = 123 + -22. What is the tens digit of x?
0
Suppose 0*t = -t + 41. What is the units digit of t?
1
Let d(m) = -m - 3. Let q(w) = 2*w. Let o be q(-4). What is the units digit of d(o)?
5
Let x = 4 - 4. Suppose 5*z - 13 + 3 = x. What is the units digit of z?
2
What is the tens digit of (-30 + 0)*(-2 + 1)?
3
Let m be 1/((-1)/(-2)) - 11. Let b = -22 - m. Let j = -6 - b. What is the units digit of j?
7
Let c(b) = -2 - b - 2 + 0*b. Let i(a) = 2*a + 9. Let t(g) = 11*c(g) + 6*i(g). What is the units digit of t(-9)?
1
Suppose -i + 0*i + 16 = 0. Suppose 0 = -2*c - 3*y - 21, 2*c - 4 = 5*y - 1. Let t = c + i. What is the units digit of t?
0
Let u be ((-12)/3)/(1 + -3). Let i be 3*1 + 30/u. Suppose 3*d = -y + 2*y - 6, i = 5*y - 3*d. What is the units digit of y?
3
Suppose -2*s + 719 = 3*y - 15, 719 = 3*y + 5*s. What is the tens digit of y?
4
Suppose 0*v + 4 = -2*v, -3*x + 2 = 2*v. Suppose 5*o - 96 = x*o. What is the tens digit of o?
3
Let p be (-102)/27 + (-10)/45. Let t(c) = -c**3 + 3*c + 2 + 2*c**3 + 2*c**2 + 3*c**2. What is the units digit of t(p)?
6
Let y = 144 - 81. What is the units digit of y?
3
Let p(t) = -3*t + 1. Let j be p(-1). Let m = -36 + 26. What is the units digit of m/(-4)*8/j?
5
Let n = 20 + -7. Suppose 0 = -3*z + 2*z - 2*w - 8, 0 = -z - 3*w - n. What is the units digit of z?
2
Let h = -5 - -9. Let t(x) = 4*x + 3. What is the units digit of t(h)?
9
Let f = 1 + 0. Let j = -9 - f. What is the units digit of (18/j)/(2/(-10))?
9
Let n = 9 - -22. What is the tens digit of n?
3
Suppose 2 = -c + 1. Suppose 3*h - 4*q = -12, 2*h + q = 5*h + 21. Let x = c - h. What is the units digit of x?
7
Suppose m + 3*c - 31 = 0, -4*c - 76 = -3*m + 56. What is the units digit of m?
0
Let j = 7 - 7. Suppose -2*f = -j*f - 8. What is the units digit of f?
4
Suppose -10*v = -14*v + 212. Suppose -4*n + 19 + v = 0. What is the units digit of n?
8
Suppose 2*o + 0*o - 148 = 0. What is the units digit of 18/(-63) + o/14?
5
Suppose 4*a + 199 = 3*m - 40, 3*m - a - 242 = 0. Suppose 6*d = d - 5*z + 60, -5*d + m = -2*z. What is the tens digit of d?
1
Suppose 8*u = u + 245. What is the units digit of u?
5
Let z(p) = -p - 5. Let b(a) = -3*a - 11. Let l(w) = -6*b(w) + 15*z(w). What is the units digit of l(6)?
9
Let a = 467 + -279. What is the tens digit of a?
8
Let u(h) = -h + 6. What is the tens digit of u(-7)?
1
Suppose -3*m + 39 - 15 = 0. Suppose g - 15 = m. What is the units digit of g?
3
Let b(j) = -3*j**3 - 4*j**2 - 4. What is the units digit of b(-3)?
1
Let q(b) = -12*b - 1. Let d be q(-1). Suppose -d + 39 = 4*z. What is the units digit of z?
7
Let b be 124/(-10) - 22/(-55). Let m(f) = f**2 + 12*f + 6. What is the units digit of m(b)?
6
Suppose 4*k - 14 = 2*k. Suppose 0*s - g = s - k, s - 31 = 5*g. Suppose -19 - s = -5*l. What is the units digit of l?
6
Let f be (6/4)/((-2)/(-8)). Let x = 18 - f. What is the units digit of x?
2
Suppose 702 = 5*c - 158. What is the tens digit of c?
7
Let y = 171 - 91. What is the tens digit of y/2*(-2)/(-4)?
2
Let d be (-2)/1 + 3 + -2. Let q(b) = b**3 + 8*b**2 - 2*b - 10. Let z be q(-8). Let y = z - d. What is the units digit of y?
7
Suppose 7*a - 3*a = 0. Suppose -2*h + h + 10 = a. What is the units digit of h?
0
Suppose -2*m - 117 = -285. Suppose -4*s + 8 = -8, 5*s - m = -4*q. What is the units digit of -2 + 1 + q/2?
7
Let t(z) = z**3. Let a(n) = -2*n**3 - 7*n**2 + 3*n - 4. Let p(o) = -a(o) - 3*t(o). Let y be p(6). Let c = y + -11. What is the tens digit of c?
1
Let p(z) be the first derivative of z**2/2 + 2*z - 1. Let s be p(2). What is the units digit of 4/3 - s/(-6)?
2
What is the units digit of (43 + -41)*(-5 - 0)/(-1)?
0
Suppose -4*p + m + 9 = -p, m + 13 = 5*p. Suppose 3*o = -p*o. Suppose o = -0*w - 4*w + 28. What is the units digit of w?
7
Let u be (-80)/2*9/(-12). Suppose 2*n = -122 - u. What is the tens digit of n/(-6) - 4/(-12)?
1
Let i = -31 + 75. Suppose 3*g - 9 = -3*z, 8 = 4*g - 4*z - i. Suppose -2*m = -8 - g. What is the units digit of m?
8
Let s = -99 + 168. What is the units digit of s/21 + 4/(-14)?
3
Suppose 2*o - 300 = -3*b, 159 = 3*b - 3*o - 126. Suppose 0*w + 5*q + 36 = 2*w, 3*q - b = -4*w. What is the units digit of w?
3
Suppose i = -0*i - 3*s + 34, 5*i - 3*s = 134. Let p = i - 48. Let w = 37 + p. What is the tens digit of w?
1
Suppose 5*f + 9 - 29 = 0. What is the units digit of f?
4
Let f be (-6)/27 + 52/(-9). Let j(o) be the third derivative of o**5/60 + 7*o**4/24 + 4*o**3/3 - 2*o**2. What is the units digit of j(f)?
2
Suppose 2*q = s - 5, -2*s + 0 = -5*q - 14. Let x be -8 + 0 + -1 + 0. Let k = q - x. What is the units digit of k?
5
Suppose 2*b + 20 = 4*r, 0 = 3*b - 0*b. Let d be r - (1 + 2 + -1). What is the units digit of 2 - d/1*-3?
1
Suppose z = 1, 2*x = 4*z - 7 - 1. Let s be x/4 - 21/(-14). Suppose s + 84 = 5*d. What is the tens digit of d?
1
Suppose -42 = 6*g - 4*g. Let j = g - -22. What is the units digit of j?
1
Suppose 0 = -u - 1, t = 3*t + 5*u - 23. What is the tens digit of t?
1
Let v(o) = -5*o**2 - 1. Let f be v(1). Let u(i) = i**2 - 8*i - 11. Let a be u(10). What is the units digit of ((-4)/3)/(f/a)?
2
Suppose 0 = -2*q + 7 + 23. Suppose -4*t = -0*t. Suppose -x + 7 = -3*x - 5*j, t = -5*j - q. What is the units digit of x?
4
What is the units digit of 2 - (-24 + (-4 - -4))?
6
Suppose -2*m + 34 = -42. Let a = m + -24. What is the units digit of a?
4
Suppose -2*m + 10 = 3*g, 0 = 2*g - 4*m + 3 + 1. What is the units digit of (4/(-2))/g*-1?
1
Let k = 87 - 45. Suppose 5*t - 44 = 2*g + 41, 3*t - 3*g = k. Let w = 31 - t. What is the tens digit of w?
1
Let u(d) = d**2 + 4*d + 7. Let a be u(6). Suppose 5*t - a = -3*l, -4*t - 2*l + 0*l = -52. What is the tens digit of t?
1
Let s = 10 + -11. Let j = 39 - s. What is the units digit of j?
0
What is the units digit of ((-124)/8)/((-4)/(-48)*-2)?
3
Let p(a) = a - 5. Let k be p(5). Suppose -3*l - 25 = -5*g, k = g + g - 5*l - 29. What is the units digit of g?
2
Let v(m) = m**3 - 5*m**2 + 2*m + 2. Let j be v(4). Let n = -11 - j. What is the units digit of ((-27)/15 + 1)*n?
4
Let h be ((-10)/1 + 2)*-1. What is the units digit of 2*-1*(-4)/h?
1
Let s(p) = -9*p - 9. Let j(q) = -4*q - 3*q + 3*q - 4. Let b(w) = -7*j(w) + 3*s(w). What is the units digit of b(3)?
4
Let o(g) = -3*g + 2. Let l be o(-3). Let y be (-1 - l)*2/(-6). Suppose w = 5*b + 26, 0 = -w + 3*w - y*b - 46. What is the tens digit of w?
2
Suppose 39 = 3*k - 63. What is the units digit of k?
4
Let h be -2 + 3/1 - -4. Suppose 5*i = -w + 21, -6*w + 85 = -w + h*i. What is the tens digit of w?
1
Suppose 0 = -5*t + 798 - 3. What is the tens digit of t?
5
Let j(p) = -p**2 - 5*p + 8. Let c be ((-18)/(-8))/3*-8. What is the units digit of j(c)?
2
Let s = -5 + 9. Suppose 0 = -s*w + 3*w. Suppose w = -g + 1 + 1. What is the units digit of g?
2
Let i = 17 - 9. Suppose 4*o = 2*v + i + 62, -3*v = -9. What is the tens digit of o?
1
Suppose 0*v = -3*v + 9. What is the tens digit of 1/v*(-102)/(-2)?
1
Suppose 3*m + 15 = -5*i + 2*i, 2*m = 4*i - 10. What is the units digit of ((-8)/(-4) - i)/1?
2
Suppose 0 = 2*k + 3*x - 20, 4*k + k = 5*x + 50. Let b(q) = -2*q - 3. Let j be b(-4). Suppose 3*t - k = j. What is the units digit of t?
5
Suppose 0 = 27*m - 32*m + 560. What is the hundreds digit of m?
1
Suppose -2*n + 33 = 3*w - 19, -2*w - n + 33 = 0. What is the units digit of w?
4
Suppose -2*l = -l - 2. Suppose 1 = -l*w + 7. Suppose 0 = -p + 11 + w. What is the tens digit of p?
1
Suppose -3*f + 24 = 2*b, -2*f + 5*b - 2*b + 29 = 0. Suppose 3*u - g + 10 = 0, 4*u + 4*g = u + f. What is the units digit of ((-4)/5)/(u/20)?
8
Let s = 415 - 108. What is the tens digit of s?
0
Suppose -2*h = -7*h + 450. Suppose -d = 4*d - h. What is the tens digit of d?
1
Suppose 55 = x + 3*x - 5*n, -34 = -2*x - 4*n. Suppose c - b = -5*b - 4, 2*c = -b - x. Let p = c - -14. What is the units digit of p?
6
What is the tens digit of ((-10)/25)/(1/(-85))?
3
Let o(s) = -s**2 + 0*s**2 - 5 + 9*s + 0*s**2. Let q be o(6). What is the units digit of (-2)/4 - q/(-2)?
6
Suppose -14 = -3*j + 2*j. What is the units digit of j?
4
Let u(l) = -l**2 - 8*l + 3. Let b be u(5). Let k = b - -8